22?
6
What is the remainder when 1288061 is divided by 2618?
5
What is the remainder when 2963483 is divided by 246945?
143
Calculate the remainder when 76694 is divided by 14043.
6479
Calculate the remainder when 11931 is divided by 594.
51
Calculate the remainder when 107080 is divided by 595.
575
What is the remainder when 2484462 is divided by 148?
134
What is the remainder when 196063 is divided by 4108?
2987
What is the remainder when 26581322 is divided by 188520?
2
Calculate the remainder when 41405 is divided by 904.
725
What is the remainder when 17495995 is divided by 135?
130
Calculate the remainder when 340112 is divided by 213.
164
Calculate the remainder when 18314109 is divided by 166.
159
Calculate the remainder when 422120 is divided by 105526.
16
What is the remainder when 708330 is divided by 9703?
11
Calculate the remainder when 25533210 is divided by 20.
10
Calculate the remainder when 317091 is divided by 1331.
313
What is the remainder when 737266685 is divided by 1559?
1554
Calculate the remainder when 28368467 is divided by 335.
332
Calculate the remainder when 135769093 is divided by 38.
33
Calculate the remainder when 715287 is divided by 7860.
27
Calculate the remainder when 36441696 is divided by 852.
804
Calculate the remainder when 837380 is divided by 153.
11
Calculate the remainder when 72626668 is divided by 772.
768
What is the remainder when 100192 is divided by 3024?
400
What is the remainder when 156578 is divided by 15641?
168
What is the remainder when 22677 is divided by 11151?
375
Calculate the remainder when 269125 is divided by 237.
130
What is the remainder when 7935131 is divided by 24875?
6
What is the remainder when 439487263 is divided by 105?
103
Calculate the remainder when 832252 is divided by 208039.
96
Calculate the remainder when 694628 is divided by 651.
11
What is the remainder when 79296 is divided by 26420?
36
Calculate the remainder when 20991 is divided by 775.
66
What is the remainder when 1775375 is divided by 2?
1
What is the remainder when 2839414 is divided by 45796?
62
Calculate the remainder when 10291232 is divided by 781.
776
Calculate the remainder when 935630135 is divided by 358.
357
Calculate the remainder when 38829448 is divided by 137.
86
Calculate the remainder when 183659769 is divided by 976.
969
Calculate the remainder when 1654026257 is divided by 3577.
3572
What is the remainder when 1843127 is divided by 360?
287
What is the remainder when 446022 is divided by 21237?
45
What is the remainder when 2898061 is divided by 2898058?
3
Calculate the remainder when 1254419 is divided by 418133.
20
Calculate the remainder when 393500 is divided by 469.
9
What is the remainder when 3902792 is divided by 21?
5
What is the remainder when 1461233 is divided by 902?
895
Calculate the remainder when 127772 is divided by 60.
32
What is the remainder when 89870451 is divided by 9?
6
What is the remainder when 235339 is divided by 77555?
2674
Calculate the remainder when 53379 is divided by 12768.
2307
What is the remainder when 75876551 is divided by 4343?
4341
Calculate the remainder when 12360521 is divided by 29.
25
What is the remainder when 369626 is divided by 238?
12
Calculate the remainder when 61941942 is divided by 195.
192
What is the remainder when 14048480 is divided by 7?
5
What is the remainder when 497811 is divided by 380?
11
What is the remainder when 40141 is divided by 5011?
53
Calculate the remainder when 162261 is divided by 415.
411
What is the remainder when 4292006 is divided by 58000?
6
Calculate the remainder when 9824 is divided by 4905.
14
Calculate the remainder when 1593184 is divided by 989.
894
Calculate the remainder when 47385314 is divided by 423.
8
Calculate the remainder when 164003 is divided by 163041.
962
What is the remainder when 928324 is divided by 28129?
67
Calculate the remainder when 73952 is divided by 24387.
791
Calculate the remainder when 396559 is divided by 132158.
85
Calculate the remainder when 874470 is divided by 145710.
210
Calculate the remainder when 90683 is divided by 182.
47
Calculate the remainder when 52579594 is divided by 53.
43
Calculate the remainder when 447867 is divided by 447003.
864
Calculate the remainder when 1881656 is divided by 12136.
576
Calculate the remainder when 1790957 is divided by 62.
25
What is the remainder when 172745 is divided by 122?
115
Calculate the remainder when 22205 is divided by 22070.
135
What is the remainder when 1393644 is divided by 174201?
36
Calculate the remainder when 330355 is divided by 15731.
4
Calculate the remainder when 1547735 is divided by 38.
33
What is the remainder when 136916937 is divided by 15628?
29
What is the remainder when 7946130 is divided by 107380?
10
What is the remainder when 66140368 is divided by 2363?
2361
What is the remainder when 1927403 is divided by 3016?
179
What is the remainder when 1242487 is divided by 451?
433
Calculate the remainder when 2743393 is divided by 446.
47
What is the remainder when 819573 is divided by 52?
1
What is the remainder when 634892 is divided by 13794?
368
What is the remainder when 2086837 is divided by 521708?
5
What is the remainder when 148218 is divided by 2355?
2208
Calculate the remainder when 82734 is divided by 4584.
222
What is the remainder when 5275826 is divided by 97?
93
What is the remainder when 138349 is divided by 23051?
43
Calculate the remainder when 385333 is divided by 1059.
916
What is the remainder when 29403198 is divided by 3540?
3498
Calculate the remainder when 1327390 is divided by 15612.
370
What is the remainder when 189774 is divided by 62320?
2814
Calculate the remainder when 3090574 is divided by 7024.
14
Calculate the remainder when 23927964 is divided by 516.
12
Calculate the remainder when 287838 is divided by 28780.
38
Calculate the remainder when 4238379 is divided by 1059590.
19
Calculate the remainder when 1721592 is divided by 54.
18
Calculate the remainder when 83970 is divided by 1185.
1020
What is the remainder when 739821 is divided by 5918?
71
What is the remainder when 14499847 is divided by 3567?
3559
What is the remainder when 987481 is divided by 493737?
7
Calculate the remainder when 127825937 is divided by 110.
107
What is the remainder when 16098267 is divided by 2742?
2727
Calculate the remainder when 73011509 is divided by 253.
10
What is the remainder when 66993 is divided by 1065?
963
What is the remainder when 2329774 is divided by 29?
1
Calculate the remainder when 1325901 is divided by 78.
57
What is the remainder when 91629840 is divided by 105?
15
What is the remainder when 55935122 is divided by 14?
12
What is the remainder when 999251 is divided by 35?
1
What is the remainder when 68632357 is divided by 75?
7
Calculate the remainder when 2321081 is divided by 2717.
763
What is the remainder when 219590 is divided by 4354?
1890
Calculate the remainder when 2793059 is divided by 994.
913
What is the remainder when 42911 is divided by 2624?
927
Calculate the remainder when 101706 is divided by 1418.
1028
Calculate the remainder when 237016 is divided by 377.
260
What is the remainder when 3971925 is divided by 1271?
50
What is the remainder when 6665002 is divided by 1038?
4
Calculate the remainder when 127047 is divided by 1286.
1019
What is the remainder when 688750 is divided by 48?
46
What is the remainder when 1529190 is divided by 1562?
1554
Calculate the remainder when 882632 is divided by 4880.
4232
What is the remainder when 81921 is divided by 386?
89
What is the remainder when 959373 is divided by 7560?
6813
What is the remainder when 6526145 is divided by 37?
11
What is the remainder when 56582 is divided by 27639?
1304
Calculate the remainder when 28593 is divided by 1990.
733
What is the remainder when 918372 is divided by 23548?
0
Calculate the remainder when 7260631 is divided by 1881.
1852
Calculate the remainder when 201700 is divided by 67167.
199
What is the remainder when 17939397 is divided by 4484844?
21
Calculate the remainder when 1849646 is divided by 5622.
8
What is the remainder when 12787039 is divided by 53279?
79
What is the remainder when 20726892 is divided by 3815?
3812
What is the remainder when 2513173 is di